*i = -2*j + 70. What is the tens digit of 58 + j/(-20)*(-8)/6?
6
Let l = 462 + -211. What is the tens digit of l?
5
Let c = -3 - -5. Suppose v + c*v + 12 = 0. What is the units digit of ((-2)/v)/(1/18)?
9
Suppose 2*u + 5*p - 38 = 6*p, -5*p = -3*u + 64. Let s be 2*(1 - u/4). Let k = s + 15. What is the units digit of k?
8
Let l(v) = -169*v + 4. Let q(b) = 170*b - 3. Let z(r) = -5*l(r) - 6*q(r). What is the tens digit of z(-1)?
7
Suppose -934*d + 941*d = 6321. What is the hundreds digit of d?
9
Let o = 468 + -93. What is the units digit of o?
5
Suppose 0*m - 19*m = 95. Let d(b) = -14*b - 60. What is the tens digit of d(m)?
1
Suppose -5 = -5*f, -8 = -10*g + 9*g - 2*f. What is the units digit of (19 - g)/(1/7)?
1
Suppose 104 = 5*k - 3*k. Let c be 4*1*1/(8/6). Suppose k = 7*x - c*x. What is the units digit of x?
3
Let a = -84 + 3373. What is the thousands digit of a?
3
Let z be (-3)/6*3*-2. Suppose u - 93 = -0*u - q, -2*u + 211 = -z*q. Suppose -n - u = c - 5*c, -3*c - 4*n + 64 = 0. What is the tens digit of c?
2
Suppose 4*q - k = 99, 0*q - 3*q + 5*k = -87. Suppose 3*z = 2*w + 72, 0*z + w = z - q. What is the tens digit of z?
2
Let r be (30/(-40))/(1/4). Suppose 30 = -5*j + 5, 0 = -3*f + 4*j - 28. What is the units digit of (-24)/f*(-50)/r?
5
Let a(q) = -3*q - 17. Let w be a(-8). Let v(c) = 5*c + 15. What is the tens digit of v(w)?
5
Suppose -2*a - 30 = -0*a + 4*z, 5*a - 5*z = 0. Suppose 0 = -2*h - 10, 0 = 5*k + h + 4*h + 125. What is the tens digit of a/k - (-309)/12?
2
Let j = 62 + -97. Let k = -12 + j. Let v = 80 + k. What is the units digit of v?
3
Let n(c) = -5 - 1 + 2 + 8*c. Suppose -145*l - 12 = -148*l. What is the units digit of n(l)?
8
Suppose -4*f + 4*x = 12, -15 = -f - 9*x + 4*x. Suppose -2*y - 11 - 17 = f. Let b = y - -22. What is the units digit of b?
8
Suppose -2*j + 1 = -j. Let k be ((-5)/3)/(j/(-3)). Suppose -o - k = -5*v, 0 = 5*o - 4*v - 15 - 2. What is the units digit of o?
5
Suppose 0 = 8*d - d - 14. Suppose -37 = -4*h + 5*j + 343, -h = d*j - 108. What is the tens digit of h?
0
Let z(h) = h**2 - 8*h + 2. Let v be z(8). Suppose l - 1 = v*l - c, -l = 3*c - 15. Suppose b - l*w - 123 = -2*b, -5*b = -3*w - 203. What is the units digit of b?
0
Suppose 3*o - 322 = -2*u, o + 3*u - 218 = -o. What is the hundreds digit of o?
1
What is the units digit of ((-104)/(-12))/((-18)/(-5022))?
8
Let x(a) = -92*a - 591. What is the hundreds digit of x(-9)?
2
Suppose f + 49 = 6*f + 4*t, -4*f = -2*t - 34. What is the tens digit of (14/(-3))/(f/(-27))?
1
Let g = 8 + 7. Suppose -5*k - 3*l - 45 = 0, 4*k - 5*l = -3*l - 36. Let b = g + k. What is the units digit of b?
6
Let j be (-6)/(-7)*(6 + 1). Let m(v) = -v - v + j + v. What is the units digit of m(4)?
2
Suppose 5*h - 10 = 0, 1070 = 5*z + 9*h - 4*h. What is the hundreds digit of z?
2
Let t = -47 - -49. Suppose -2*h + b + 222 = 0, h - t*h + 133 = 5*b. What is the hundreds digit of h?
1
Suppose -5*h - 3*n = -1508, -28*h = -26*h - 2*n - 616. What is the units digit of h?
4
Let i be 8/(-36) - 76/(-18). Suppose i*c - 5*c = 0. Suppose -3*g + g + 12 = c. What is the units digit of g?
6
Let v = 53 - 50. What is the units digit of (18/24)/v - (-126)/8?
6
Let d be -3 + 0*(4/(-8) - 0). What is the tens digit of (405/(-6))/(d/6)?
3
Let i(z) = z**2 - 5*z - 6. Let s be i(6). Suppose s*q - 55 = 5*q - 2*c, -5*q - 60 = -3*c. What is the units digit of (-1*3)/(q/12)?
4
Let x(s) = s**2 + 4*s - 5. Let z be x(-5). Suppose -4*u + 18 + 26 = z. What is the tens digit of u?
1
Suppose -79 = 5*n - s, 2*n + 4*s + 35 + 1 = 0. Let f = 260 - n. Suppose f = 4*g - 0*g. What is the tens digit of g?
6
Suppose -3*w - 228 = l - 5*l, -4*w = 0. Suppose -3*b = 3*x - l, 2*x = -3*b + 3*x + 49. What is the units digit of b?
7
What is the hundreds digit of (-3)/(-6)*((0 - -1779) + 9)?
8
Suppose 1212 = t - 4*g, 2*t + 9*g - 5*g = 2472. What is the hundreds digit of t?
2
Suppose -13 = 3*g + 5*y, -2*y - 16 = -3*g + 6. Let v be -3 - -4 - (1 + -3). Suppose 9*a = 4*a + 4*p - v, g*a - 3*p = -2. What is the units digit of a?
1
Let i(t) = -32*t + 8. Let h(d) = -d**3 + 7*d**2 + 7*d + 4. Let g be h(8). What is the tens digit of i(g)?
3
Let j(f) = f**2 - f - 2. Let g be j(-2). Suppose g*p - 5 = -k, -5*p = 3*k + 2*k + 50. Let l = 30 + k. What is the tens digit of l?
1
Let b(v) be the first derivative of 17*v**2/2 - v + 4. Let l be (-2)/(-6) + 70/42. What is the units digit of b(l)?
3
Let n = -5 - -9. Let q be ((-519)/6 + 2)*n. What is the units digit of (-6)/36 + q/(-12)?
8
Let y(b) = 2*b**2 - 2*b - 7. Let u be 4 - 16/12*-3. What is the tens digit of y(u)?
0
Let t = 34 - 34. Suppose -4*o + 290 - 194 = t. What is the tens digit of o?
2
Suppose -2*v - 3*b = -47, -2*b + 74 = v + 3*v. Let l be 3/(-12) + (-3996)/v. What is the units digit of 2/6 + l/(-6)?
2
Suppose -62 = -2*u - 168. Let m = u - -90. What is the tens digit of m?
3
Suppose -3*f + 0*b = 5*b + 444, 5*f - b = -712. Let t = 351 + f. What is the units digit of ((-3)/(-12))/(4/t)?
3
What is the units digit of -7 + ((-34)/34)/(1/(-1019))?
2
What is the tens digit of (-21709961)/(-6344) - -2*(-2)/32?
2
Let v be (10/(-15))/((-4)/18). Suppose 5*j - 16 = v*j. Let b = 14 - j. What is the units digit of b?
6
Let p(d) = -6*d - 22. Suppose k - 23 = 5*r + 31, 0 = 4*r - 5*k + 60. What is the units digit of p(r)?
8
What is the tens digit of 14*(-2 + -2 - -108)?
5
Let o = -29 - -26. Let k(c) = -c - 1. Let q be k(o). Suppose -3*z = 4*v + z - 120, -56 = -q*v + 2*z. What is the units digit of v?
9
Suppose 4*s - 27 = 25. Suppose 0 = -9*t + s*t - 208. What is the units digit of t?
2
Suppose -q + 59 - 255 = -4*v, -q + 54 = v. Let k = 59 + v. What is the hundreds digit of k?
1
What is the thousands digit of ((-25)/15)/((-5)/(-15)) - -5534?
5
Let p = 3694 + -1924. What is the units digit of p?
0
Let m be (-2 - -4 - -1)*1. Let g(w) = 5*w**2 - 7*w - 6*w**2 - 6*w**2 + m - w - w**3. What is the tens digit of g(-6)?
1
Let r be (62/6)/((-2)/(-48)). Suppose 5*k + 176 = -2*u + 5*u, r = 5*u + 3*k. What is the units digit of u?
2
Let i(t) be the second derivative of 185*t**4/12 - t**3/6 + 39*t. What is the hundreds digit of i(1)?
1
Let m = -17 - -39. Let o = 27 + m. What is the tens digit of o?
4
Suppose -17*m = -33155 + 2079. What is the tens digit of m?
2
Suppose 0 = -8*w + w + 5089. What is the units digit of w?
7
Let j(c) = 4*c - 4. Let q be j(7). Let i be q*-1*30/(-20). Let v = i + -13. What is the units digit of v?
3
Suppose -k = -2*m + 60, 7*m - 4*m - 120 = 2*k. Let o = k - -117. What is the tens digit of o?
5
Suppose 771 = 11*p - 736. Suppose -4*a = -5*j - p, 5*a - 37 - 129 = j. What is the units digit of a?
3
Let n = 297 - 227. Suppose -207 = -4*m + 285. Let j = m - n. What is the tens digit of j?
5
Suppose 0 = -3*c + 2*c + 3. Suppose -5*z + 16 = 4*a, -6 = -a + c*z - 2. Suppose -r + 37 = 3*n + 2*n, -a*n = 3*r - 89. What is the units digit of r?
7
Let h be ((-13)/(-2))/((-2)/(-4)). Suppose -j = -5*f - h, f = -0*f + 5. Suppose -2*o - 6 + j = 0. What is the units digit of o?
6
Let j(w) = 4*w - 9. Let d be j(-8). Let i = 15 + d. Let g = i - -63. What is the tens digit of g?
3
Suppose 5*w - 7 = 2*z, w + z - 4 = 3. Suppose -4 = -w*k - 1. What is the units digit of k?
1
Let u(x) = 38*x - 28. Suppose z - 3 + 0 = 0. What is the tens digit of u(z)?
8
Suppose 0 = 8*s - 12772 - 3116. What is the tens digit of s?
8
Let s(r) be the first derivative of -r**2/2 + 11*r - 11. Suppose 2*h + 4*b = -3*h + 45, 9 = h - 2*b. What is the units digit of s(h)?
2
Let p = -33 + 35. What is the tens digit of 1036/35*(9/p + -2)?
7
Suppose 30*v = 35*v - 230. What is the tens digit of 1*(v - 0/(-4))?
4
Suppose 0 = 35*o - 40*o + 1255. What is the hundreds digit of o?
2
Suppose -5*f - x = 2*x + 43, 0 = -4*x - 4. Let k = f + 10. Suppose 2*n = 6 + k. What is the units digit of n?
4
Let r(x) be the second derivative of x**5/20 - x**4/2 - 2*x**3/3 + 2*x**2 + 22*x. What is the units digit of r(7)?
5
Suppose -2*y - b + 4913 - 1488 = 0, -4*b = y - 1702. What is the thousands digit of y?
1
Let w be 1 - ((-2)/(-4))/(3/(-78)). Let f(y) = y**2 - 12*y + 27. What is the units digit of f(w)?
5
Suppose -2 = -b - 0. Suppose 2*f = -g - 0 - b, -3*g - f + 9 = 0. What is the tens digit of (3 - 5) + 39 + g?
4
Let t = -45 + 50. Suppose -5*l + 520 = t*m, -2*m - 2*l + 220 = 3*l. W